uppose -3*z + 6 = -b + 4, -b + z = -2. Suppose -b*s = -53 + 9. Suppose 8 = o - s. Calculate the greatest common factor of o and 152.
19
Let u(x) = x**2 + 7*x - 4. Let d be u(-8). Let h = -90 + 160. Suppose -18 = d*i - h. What is the greatest common divisor of i and 26?
13
Let f = 925 - 1740. Let b = -582 - f. Suppose -b + 65 = -3*g. What is the greatest common factor of g and 14?
14
Let x = -2 + 5. Suppose x*g = 16 + 44. What is the greatest common divisor of g and 30?
10
Let s = 0 + 1. Let r = 5 - s. Suppose 318 = -r*j + 750. What is the greatest common divisor of 12 and j?
12
Suppose 2*t = 5*g - 484 - 214, -5*g - 5*t = -705. What is the highest common divisor of 20 and g?
20
Let a be (-121)/(-4) - (-12)/16. Suppose -i - a = -3*c, -5*c - 4*i + 49 = -3*i. Let k be -8*(-3)/(18/15). What is the highest common factor of k and c?
10
Suppose -3*b + 25 = -2*b. Calculate the highest common factor of 10 and b.
5
Let s be ((1 - 2) + 2)*1. Let v = -1 - s. Let q = v + 8. What is the greatest common divisor of q and 66?
6
Let h(r) = -23*r + 6. Let k be h(5). Let c = k - -209. Let v(f) = 11*f - 13. Let g be v(3). Calculate the greatest common factor of g and c.
20
Let b be ((-18)/3)/((-3)/10). Suppose -4*w - w + b = 0. What is the highest common divisor of 12 and w?
4
Let t be 2 - (-1)/(0 - -1). Let r(l) = -10*l + 0 - t - l**2 + 2*l**2. Let f be r(11). Calculate the greatest common factor of 40 and f.
8
Let m(l) = -4*l + 1. Let x be m(3). Let o = -7 - x. Let z be (-3)/(2/(12/(-9))). Calculate the highest common divisor of o and z.
2
Let k be (0 - -5)*(-4)/10. Let s be 1 - (k + 3 - 121). Let f be 10/(-70) - (-156)/14. What is the greatest common factor of f and s?
11
Suppose 0 = -j + 3*j - 14. Let w(y) = -y**2 + 3*y - 1. Let u be w(2). What is the highest common factor of j and u?
1
Suppose -3*p + 29 = -4*m, 3*p = -2*m - 2 + 37. Let a = p - 8. Let t be 186/9 - 2/a. What is the greatest common divisor of t and 30?
10
Let h be 1/((-28)/(-8))*7. What is the highest common divisor of h and 2?
2
Suppose -4*u + 168 = 56. Suppose -2*k = 2*d - 8, -7*k - 8 = -2*d - 3*k. Calculate the greatest common factor of u and d.
4
Let f(a) = -a**3 - 6*a**2 - 2*a. Suppose -4*q - 8 - 10 = 2*z, z - 33 = 5*q. Let v be f(q). Let i = 99 - -9. Calculate the greatest common divisor of i and v.
12
Let g = 59 + -84. Let u be (30/g)/((-2)/25). What is the highest common divisor of u and 15?
15
Let b = -27 - -29. Calculate the greatest common factor of b and 10.
2
Suppose 0*h = -5*h - z + 74, -3*h + 42 = 3*z. Calculate the highest common factor of 165 and h.
15
Suppose 5 = -5*j + 25. Suppose -j*x + 3*x - 2*k = -163, -4*k - 759 = -5*x. Suppose -5 = 5*g - x. What is the highest common divisor of 5 and g?
5
Let n(b) = -b**3 - 3*b + 3. Let j be n(2). Let m = -1 - j. Suppose 30 = 5*s + m. Calculate the greatest common divisor of s and 36.
4
Let n be 41 + (5 - (2 - 0)). Let z = -113 - -179. What is the highest common divisor of n and z?
22
Suppose 2*k + 20 = 3*z, 0 = z + 3*k - 3 - 0. Let h be z/21 + (-432)/(-7). Let t = h + -32. What is the highest common factor of 15 and t?
15
Let a be 5*(-112)/(-5)*1. Suppose 5*d - 65 = 2*k + 9, 2*d - 38 = -2*k. Calculate the highest common factor of a and d.
16
Let b be ((-16)/12)/(2/(-3)). Let s(z) = -z - 6. Let t be s(-8). Let c be (-2)/t*-2*1. Calculate the highest common divisor of b and c.
2
Let i be (1*2)/(3 + (-5)/2). Calculate the highest common factor of i and 36.
4
Let m(a) = -a**3 - 11*a**2 - 16*a - 20. Let q be m(-10). Calculate the greatest common divisor of q and 20.
20
Suppose 0 = 5*k - 72 + 17. Let u = -2 + k. Suppose -6 = -q - 3. What is the greatest common factor of u and q?
3
Let o be ((-3)/(-6))/(4/320). Let d(w) = -11*w**3 - w**2. Let g be d(-1). Calculate the highest common factor of g and o.
10
Let o be (-14)/((-6)/(-3))*-1. Suppose s - 9 = -4*l + o, -l - 11 = 4*s. Let q be (63/(-5))/(-3)*l. What is the highest common divisor of q and 7?
7
Let a = 7 - -1. Let i(s) be the first derivative of s**4/4 - 5*s**3/3 + 5*s**2/2 - 5*s - 1. Let y be i(5). What is the highest common divisor of y and a?
4
Suppose 5*d - 59 = -2*a, 0 = -5*a + 8*d - 4*d + 65. Calculate the highest common factor of a and 17.
17
Let k(g) = -g**2 - 17*g - 15. Let u be k(-5). What is the greatest common divisor of u and 5?
5
Suppose 3 = -5*v - 4*s + 27, -3*s = 4*v - 19. Let o(p) = -3 - 5*p + 1 + v + 1. Let m be o(-3). Calculate the highest common factor of m and 198.
18
Let d be -2 - -2 - 1*-2. Suppose b + d*b = 24. Let w be (6/b)/(1/60). What is the greatest common divisor of 5 and w?
5
Let m = 34 + -57. Let d = 39 + m. Calculate the greatest common factor of d and 64.
16
Suppose b = 2*b. Suppose 0 = -b*k + k - 20. Calculate the highest common divisor of k and 50.
10
Suppose -40*t - 45 = -45*t. Calculate the greatest common divisor of 9 and t.
9
Let f be -1 + (0 - -1)*1. Suppose -5*a = c - 9, -2*c + f*c = -5*a - 3. Let x = -40 + 56. Calculate the greatest common divisor of c and x.
4
Suppose 3*u = -6 + 18. Let b = 13 - u. Let r = -2 - -3. Calculate the greatest common factor of r and b.
1
Let b(x) = x**3 - 5*x - 9. Let m be b(4). Calculate the highest common factor of 14 and m.
7
Suppose -3*u + u - 26 = -t, 3*t = -3*u + 60. Suppose 3*b - 4*h = t, -5*b + 3*h + 13 = -3*b. Calculate the greatest common factor of 56 and b.
14
Let u be 2/(-3) + 8/3. Suppose l + 3*r - 16 = 0, 8*r - 18 = 2*l + 4*r. Calculate the greatest common divisor of u and l.
1
Let b be (-2)/11 + 598/22. Let m be 12/(-1)*b/(-6). Calculate the greatest common divisor of 81 and m.
27
Let m(h) = -h + 15. Let u be m(9). Let a(x) = x**2 - 4*x + 3. Let s be a(u). What is the greatest common factor of 6 and s?
3
Let t be (0 + 1)/((-5)/55). Let i be (-240)/(-110) + 2/t. What is the greatest common divisor of i and 10?
2
Let r(g) = -g**2 + g. Let z be r(-1). Let k be (8/6)/(z/(-36)). What is the greatest common divisor of k and 16?
8
Let f be ((-20)/(-6))/(6/9). Suppose -10*t + 25 = -f*t. What is the greatest common divisor of 20 and t?
5
Let v be 5/(5/(-12))*(17 + -19). What is the highest common divisor of v and 16?
8
Let i = 1 + 1. Let q(j) = 7 + j**2 + 6*j**2 + 8*j - 4*j**2 - j**i. Let u be q(-7). Calculate the highest common factor of u and 7.
7
Let d be (-1)/(-2) + 315/6. Suppose -5*t = -173 + d. Calculate the highest common divisor of 264 and t.
24
Let v = -23 - -24. What is the greatest common divisor of v and 1?
1
Let o be (-2)/(-6) - (-466)/6. Suppose -w = -5*q + w + o, 12 = -3*w. Let b = 6 - -1. Calculate the greatest common divisor of q and b.
7
Let n be (-2 - -4) + (3 - -4). Let k = -3 - -2. Let d = k + 2. Calculate the highest common factor of d and n.
1
Suppose -2*a - 2 = 4*k, -3*k + 1 = -5*a + 48. Let h(d) = -7*d. Let l be h(-5). What is the highest common factor of a and l?
7
Suppose 3*o + 0*k + 4*k - 194 = 0, 4*o - 263 = -k. What is the highest common factor of 22 and o?
22
Let d = 19 + -16. Suppose -c - 32 = -d*c. Calculate the highest common factor of c and 4.
4
Let o be 15 - 1 - (-1)/(-4)*4. What is the greatest common divisor of o and 130?
13
Suppose -12*o + 13*o - 12 = 0. Let m be (4 + 1)*18/(-15). Let p be 135/(-6)*8/m. What is the highest common factor of o and p?
6
Suppose -2*y - d + 33 = -y, -3*y = -2*d - 99. Let c be (-1)/(-4) + y/12. What is the highest common divisor of c and 6?
3
Let j be (6 + -1)/(5/10). Suppose 5*q = j*q - 1430. What is the highest common factor of 26 and q?
26
Let s(i) be the first derivative of 5*i**2/2 + 2*i - 2. Let f be s(3). What is the highest common factor of 187 and f?
17
Let w = 278 + -161. What is the greatest common divisor of w and 13?
13
Suppose -7*k + 2*k = -495. Let q be (12/15)/(3/15). Suppose f = 3*u - 30, -4*u + q*f - 1 + 33 = 0. What is the highest common divisor of k and u?
11
Let o = -1 - -5. Suppose o*p = -54 - 26. Let c = p + 30. Calculate the highest common factor of c and 110.
10
Let l be 121/3 + 1/(-3). Suppose -30 = -5*q - 5*u, -3*u = -2*q + 2*u - 16. Suppose 3*t = -q + 50. What is the highest common divisor of t and l?
8
Suppose -7*v + 3*v = -204. Suppose 0*k = 3*k - v. Let d = k - 8. What is the highest common factor of d and 27?
9
Suppose 54*g - 756 = 51*g. Calculate the highest common factor of g and 28.
28
Suppose 3*m - 32 = 2*m